
Let v be (-6)/10 - (-185)/(-25). What are the prime factors of (-2 - (-2 + -2))/((-2)/v)?
2
Let z(k) = 3*k + 19. Let m be z(-5). Suppose m*b = 494 + 98. What are the prime factors of b?
2, 37
Let r be 2*-5*221/(-26). Suppose -t = -r - 45. List the prime factors of t.
2, 5, 13
Let q = 682 - 468. Suppose -q = -3*o - 55. What are the prime factors of o?
53
Let g be 2 - 3 - 4/((-4)/661). Suppose -s = 0, 3*j - 3*s - g = -2*j. What are the prime factors of j?
2, 3, 11
Let o(i) = 47*i - 24. Let g be o(1). Let l = -39 + 76. Let c = l - g. What are the prime factors of c?
2, 7
Let z(s) = 6*s**3 + s**2 + s - 6. Let l be z(2). Let g = l - -34. What are the prime factors of g?
2, 41
Let r be (-1 - 0)*5*1. Let w(l) be the first derivative of -l**4/4 - 5*l**3/3 - 3*l**2 - 6*l - 6. List the prime factors of w(r).
2, 3
Let z(a) = 1846 + 42*a - 15*a - 1847. List the prime factors of z(4).
107
Suppose 10*a - 6 = 8*a. Suppose a*x = x + 74. What are the prime factors of x?
37
Let j(w) = 2*w**3 + 3*w**2 + 2*w + 4. Let r(d) = 2*d**3 + 3*d**2 + 2*d + 3. Let b(z) = 6*j(z) - 7*r(z). What are the prime factors of b(-2)?
11
Let l = 4 - 8. Suppose 8*f - 59 = 37. What are the prime factors of l/(-6) + 232/f?
2, 5
Suppose 2*c = 3*i + 1121, 4*c = 26*i - 25*i + 2247. What are the prime factors of c?
2, 281
Suppose 0 = 45*q - 40*q - 1520. Suppose -60 + q = 2*h. What are the prime factors of h?
2, 61
Let w(x) = -36*x + 284. List the prime factors of w(-21).
2, 5, 13
Let u = 5043 - 2597. What are the prime factors of u?
2, 1223
Suppose 2*j + 4*i = 88, -2*j + 3*i + 198 = 2*j. What are the prime factors of 608/j*(6 - -1 - 1)?
2, 19
List the prime factors of (6400/15)/8*18.
2, 3, 5
Let s(j) = -j**3 - 4*j**2 + 3*j + 6. Let y be s(-4). Let l(a) = 9*a**2 + a - 2. Let r be l(-2). Let c = r + y. What are the prime factors of c?
2, 13
Suppose -5*l = -3*g - 771, l + 5*g = 4*l - 469. What are the prime factors of 4/(12/l) - 2?
7
Suppose 11*s + 6*s - 2533 = 0. What are the prime factors of s?
149
Let d(o) = 5*o**3 + 7*o**2 - 6. Let t(l) = -11*l**3 - 14*l**2 + l + 13. Let b(s) = 9*d(s) + 4*t(s). Let p be b(-6). What are the prime factors of 4/2*305/p?
61
Suppose -17*o = -3489 - 4654. List the prime factors of o.
479
Let m be 14/35 + 489/15. Suppose 3*j - m - 270 = 0. List the prime factors of j.
101
What are the prime factors of -3 - (3/6)/(8/(-10448))?
2, 5, 13
Suppose -10*k = 2757 - 12337. List the prime factors of k.
2, 479
Let j be -2 - 1 - 6/(-1). Suppose y + j*y - 324 = 0. List the prime factors of y.
3
Suppose k - 7*p + 4*p = 190, 2*p - 6 = 0. List the prime factors of k.
199
Suppose 0 = -5*x + 18 + 22. Suppose 3*z - 7*z + x = 0. List the prime factors of (5/z)/((-5)/(-10)).
5
Suppose 4*g = -167 - 213. Let i = -58 - g. List the prime factors of i.
37
What are the prime factors of (-3)/6*15096/(-17)?
2, 3, 37
Let j(u) = -3 + 2*u + u - 6*u + 4*u. Let h be j(5). Suppose 0 = -h*o + 9 + 11. What are the prime factors of o?
2, 5
Suppose -r + 70 = r. Let k = r + 6. Let u = 57 - k. List the prime factors of u.
2
Suppose 4262*g - 34320 = 4246*g. List the prime factors of g.
3, 5, 11, 13
Suppose -12*q + 6*q = 0. Let j = 12 - 5. Suppose q + j = f. What are the prime factors of f?
7
Let m(x) = 2*x**2 + 9*x - 3. Let c be -1 - (-3 + (-7 - -3)). List the prime factors of m(c).
3, 41
Suppose 8966 = 4*u - 2*a, -3*a = -8*a - 5. What are the prime factors of u?
3, 83
Suppose 335 = 3*m + 5*s, 2*s = -2*m + 5*s + 255. Let p = m + -51. What are the prime factors of p?
3, 23
Suppose -2*c = -c + 3. Let r be 15/2*(-2)/c. Suppose 3*k + r - 11 = 0. What are the prime factors of k?
2
Suppose -a - 3*a + 20 = 0, -5*w = -2*a - 290. Suppose 3*h + 0*h = -w. Let f = 7 - h. List the prime factors of f.
3
Suppose 3*v - 176 = -f - 40, -5*v + 3*f = -208. Suppose -2*s + 2 = -v. What are the prime factors of s?
23
Let z(c) = 3*c - 3. Let w(k) = -k + 5. Let s be w(9). Let f be z(s). What are the prime factors of ((-5)/f)/(1/78)?
2, 13
Let k be ((-9)/(-6) - (-3 + 2))*6. Let q(c) = -c**2 + 26*c - 11. List the prime factors of q(k).
2, 7, 11
Let w(v) = -2*v**2 - 7*v + 7. Let n be w(-4). Suppose -q - 4*i = -2*q + 42, -n*i + 21 = q. List the prime factors of q.
2, 3, 5
Suppose -8 = h - 1. Let l = 9 + h. List the prime factors of 1 + -2 - l - -15.
2, 3
Let z = -7 + 1. Let g be 2/z + (-56)/(-6). Let b(h) = h**2 - 9*h + 12. List the prime factors of b(g).
2, 3
Let h(w) = w**2 + 8. Let o = 33 - 33. Let m be h(o). Suppose -m*d + 5*d + 132 = 0. What are the prime factors of d?
2, 11
Let u(j) = -3*j**3 + 11*j**2 + 6*j. Let a be u(5). Let o = 25 + a. Let p = o + 83. List the prime factors of p.
2, 19
Let s be (-9)/6*(1 - 3). Let b be ((-18)/3 - s) + 0. Let h = 30 + b. What are the prime factors of h?
3, 7
What are the prime factors of (-2)/(-4 - (-4158)/1041)?
347
Let l be ((-368)/40)/((-2)/5). Suppose 4*d - l = 109. List the prime factors of d.
3, 11
Let m be 64/6 + (-11)/(-33). Suppose m = 6*p - 7. Suppose -z + 58 = 3*w, -4*w + p*z = -2*z - 109. List the prime factors of w.
3, 7
Let z(s) be the second derivative of s**4/12 - 11*s**3/6 + 9*s**2/2 + 28*s. What are the prime factors of z(17)?
3, 37
Suppose -7*c = -4*c + 3. What are the prime factors of c + 55 - (-9 - -7)?
2, 7
Suppose 0 = -2*s - 3*s + 4*q + 950, 5*q - 950 = -5*s. Suppose -h = h - s. What are the prime factors of h?
5, 19
Let t(h) = -2*h**3 - 5*h**2 - 5. Suppose 2*w + 19 - 11 = 0. What are the prime factors of t(w)?
43
Let m = -73 - -112. Let n = m - 17. List the prime factors of n.
2, 11
Suppose 0 = -9*d + 6777 + 324. What are the prime factors of d?
3, 263
Let n(q) = -2*q + 38. Let i be n(14). Let d(k) = 32*k - 46. List the prime factors of d(i).
2, 137
What are the prime factors of (-6487)/(-9) + 5 + (-2)/(-9)?
2, 3, 11
Suppose -34*q = -19330 - 11202. What are the prime factors of q?
2, 449
Let a = 196 - -253. List the prime factors of a.
449
Let a(p) = p**2 + 12. Let y(c) = 2*c**2 + 24. Let f(v) = 13*a(v) - 6*y(v). What are the prime factors of f(8)?
2, 19
Let p be ((-6)/(-4))/(4/16). Let d(i) = -i + 1 + 9 + p - 7. List the prime factors of d(-4).
13
Suppose 12*i - 14*i = -102. List the prime factors of i.
3, 17
Let j(a) be the first derivative of 55*a**2/2 - 3*a + 4. Let d be j(2). Suppose 5*w - d = 28. List the prime factors of w.
3
Let b(x) = x**2 + 2*x + 10. Let u(p) = -p. Let z(l) = b(l) - 5*u(l). Let t be z(-9). Let s = t - 20. What are the prime factors of s?
2
Let l be ((-4)/4 - 1)*2. List the prime factors of 68 - (-3)/l*4.
5, 13
Let j = 171 - -6. Suppose 30 - j = -3*k. List the prime factors of k.
7
Suppose 29*x = 13*x + 7696. List the prime factors of x.
13, 37
Let q = 1559 - 1529. What are the prime factors of q?
2, 3, 5
Suppose 5*o - 22 + 0 = 3*u, 0 = 3*o + 2*u - 17. Suppose o*v = -4*s, s - 4*v = 20 + 1. Suppose 4*j - s*j = -7. List the prime factors of j.
7
Let m(j) = -2*j**3 - j. Let d be m(-2). Let a = -8 + d. List the prime factors of 6/a + 66/15.
5
Let t(q) = 20 - 10*q + 9*q + 3*q**2 - q**2 - 3*q**2. Let l be t(0). Suppose l = -4*y + 5*y. List the prime factors of y.
2, 5
List the prime factors of (1574 - -2)/((-46)/(-23)).
2, 197
Let x be (153/34)/(0 + (-1)/(-32)). Suppose 4*t - x = 5*z + 74, -t + 55 = -z. List the prime factors of t.
3, 19
Let v = -321 + 440. List the prime factors of v.
7, 17
Suppose -4*y - l + 2 + 8 = 0, -3*y - 3*l = -3. Suppose 0 = 2*v - g - 125, -y*v + 2*v - g = -55. What are the prime factors of v?
2, 3, 5
Let j be 18/(-12)*158/3. Let r = -139 - j. Let q = -36 - r. List the prime factors of q.
2, 3
Let c(q) be the second derivative of 47*q**4/12 - 5*q**3/6 + 2*q**2 + 9*q. List the prime factors of c(2).
2, 7, 13
Suppose -2*u - 5*f = -u + 29, -25 = u + 4*f. Let b be ((-12)/(-18))/((-2)/u). List the prime factors of 6*(-32)/(-12) + b.
19
Let w be 44*(0 - (1 + -2)). Suppose 0 = -2*u + 5*k + w, 3 - 80 = -5*u - 4*k. List the prime factors of u.
17
Suppose -u = 3*i - 6, 2*i = 5*i. Suppose 453 = u*o + 45. What are the prime factors of o?
2, 17
Suppose -14*k + 12619 = -429. List the prime factors of k.
2, 233
Let x(z) = -10*z + 8. Let u(k) = -3*k**2 - 2*k + 17. Let t be u(3). List the prime factors of x(t).
2, 3, 7
Let u(n) = -2*n**2 + 3. Let j be u(2). Let z be 3 + j + 6/2. List the prime factors of (43 - 0/z) + 4.
47
Suppose -9